{"id":582,"date":"2023-05-27T07:47:41","date_gmt":"2023-05-27T10:47:41","guid":{"rendered":"http:\/\/br576.teste.website\/~baruda15\/temporario.com\/?page_id=582"},"modified":"2025-03-18T15:27:36","modified_gmt":"2025-03-18T18:27:36","slug":"softwares","status":"publish","type":"page","link":"https:\/\/barudan.com.br\/site\/suporte-tecnico\/softwares\/","title":{"rendered":"Softwares"},"content":{"rendered":"<p><div class=\"fusion-fullwidth fullwidth-box fusion-builder-row-1 fusion-flex-container has-pattern-background has-mask-background nonhundred-percent-fullwidth non-hundred-percent-height-scrolling\" style=\"--awb-border-radius-top-left:0px;--awb-border-radius-top-right:0px;--awb-border-radius-bottom-right:0px;--awb-border-radius-bottom-left:0px;--awb-margin-bottom:50px;--awb-flex-wrap:wrap;\" ><div class=\"fusion-builder-row fusion-row fusion-flex-align-items-flex-start fusion-flex-content-wrap\" style=\"max-width:1248px;margin-left: calc(-4% \/ 2 );margin-right: calc(-4% \/ 2 );\"><div class=\"fusion-layout-column fusion_builder_column fusion-builder-column-0 fusion_builder_column_1_6 1_6 fusion-flex-column fusion-no-medium-visibility fusion-no-large-visibility\" style=\"--awb-bg-size:cover;--awb-width-large:16.666666666667%;--awb-margin-top-large:0px;--awb-spacing-right-large:11.52%;--awb-margin-bottom-large:20px;--awb-spacing-left-large:11.52%;--awb-width-medium:16.666666666667%;--awb-order-medium:0;--awb-spacing-right-medium:11.52%;--awb-spacing-left-medium:11.52%;--awb-width-small:100%;--awb-order-small:0;--awb-spacing-right-small:1.92%;--awb-spacing-left-small:1.92%;\" data-scroll-devices=\"small-visibility,medium-visibility,large-visibility\"><div class=\"fusion-column-wrapper fusion-column-has-shadow fusion-flex-justify-content-flex-start fusion-content-layout-column\"><i class=\"fb-icon-element-1 fb-icon-element fontawesome-icon fa-arrow-right fas circle-no fusion-animated\" style=\"--awb-iconcolor:var(--awb-custom_color_2);--awb-iconcolor-hover:var(--awb-custom_color_2);--awb-font-size:18px;--awb-margin-top:0;--awb-margin-right:0;--awb-margin-bottom:0;--awb-margin-left:9px;--awb-align-self:flex-end;\" data-animationType=\"shake\" data-animationDuration=\"2.0\" data-animationDelay=\"0.8\" data-animationOffset=\"top-into-view\"><\/i><\/div><\/div><div class=\"fusion-layout-column fusion_builder_column fusion-builder-column-1 fusion_builder_column_1_1 1_1 fusion-flex-column\" style=\"--awb-bg-blend:overlay;--awb-bg-size:cover;--awb-width-large:100%;--awb-margin-top-large:0px;--awb-spacing-right-large:1.92%;--awb-margin-bottom-large:0px;--awb-spacing-left-large:1.92%;--awb-width-medium:100%;--awb-spacing-right-medium:1.92%;--awb-spacing-left-medium:1.92%;--awb-width-small:100%;--awb-spacing-right-small:1.92%;--awb-spacing-left-small:1.92%;\"><div class=\"fusion-column-wrapper fusion-flex-justify-content-flex-start fusion-content-layout-column\"><div class=\"fusion-title title fusion-title-1 fusion-sep-none fusion-title-text fusion-title-size-three\" style=\"--awb-font-size:20px;\"><h3 class=\"fusion-title-heading title-heading-left\" style=\"margin:0;font-size:1em;\">Software para Transfer\u00eancia de Bordados <u>via Cabo<\/u><\/h3><\/div>\n<div class=\"table-2\" style=\"--awb-margin-bottom:30px;\">\n<table width=\"100%\">\n<thead>\n<tr>\n<th align=\"left\"><strong>Nome<\/strong><\/th>\n<th align=\"left\"><strong>Arquivo<\/strong><\/th>\n<th align=\"left\"><strong>Vers\u00e3o<\/strong><\/th>\n<th align=\"left\"><strong>Descri\u00e7\u00e3o<\/strong><\/th>\n<th align=\"left\"><strong>Download<\/strong><\/th>\n<\/tr>\n<\/thead>\n<tbody>\n<tr>\n<td align=\"left\"><strong>DFS\u00a0<\/strong>Design File Server<\/td>\n<td align=\"left\">dfs17600.zip<\/td>\n<td align=\"left\">Ver 1.76.00<\/td>\n<td align=\"left\">Software para a transfer\u00eancia de programas de bordado do computador para m\u00e1quinas s\u00e9rie M, N, D, V, X e K, via cabo Serial ou cabo de Rede.<\/td>\n<td align=\"left\"><a href=\"https:\/\/barudan.com.br\/site\/wp-content\/uploads\/2023\/08\/DFS17600.zip\"><img decoding=\"async\" class=\"aligncenter wp-image-662 size-full\" src=\"https:\/\/barudan.com.br\/site\/wp-content\/uploads\/2023\/05\/download.png\" alt=\"\" width=\"35\" height=\"35\" \/><\/a><\/td>\n<\/tr>\n<\/tbody>\n<\/table>\n<\/div>\n<div class=\"fusion-title title fusion-title-2 fusion-sep-none fusion-title-text fusion-title-size-three\" style=\"--awb-font-size:20px;\"><h3 class=\"fusion-title-heading title-heading-left\" style=\"margin:0;font-size:1em;\">ATEN\u00c7\u00c3O<\/h3><\/div><div class=\"fusion-text fusion-text-1\"><ol>\n<li>Antes de baixar o software acima, crie uma pasta no \u201cC:\u201d do seu computador com o nome de: &#8220;Barudan DFS&#8221;.<\/li>\n<li><strong>Aten\u00e7\u00e3o: a pasta tem que ser criada dentro do \u201cC:\u201d<\/strong><\/li>\n<li>Clique no link, acima, para baixar o arquivo \u201czipado\u201d dfs17600.zip.<\/li>\n<li>Depois de realizar o download, \u201cdeszipe\u201d o arquivo e grave a pasta \u201cdfs17600\u201d dentro do \u201cC:\u201d na pasta &#8220;Barudan DFS&#8221;.<\/li>\n<li>Para instalar o software no computador, execute o arquivo DesignFileServerSetup.exe.<\/li>\n<li>Para visualizar os manuais de instru\u00e7\u00e3o, entre na pasta Manuais.<\/li>\n<\/ol>\n<\/div><\/div><\/div><\/div><\/div><div class=\"fusion-fullwidth fullwidth-box fusion-builder-row-2 fusion-flex-container has-pattern-background has-mask-background nonhundred-percent-fullwidth non-hundred-percent-height-scrolling\" style=\"--awb-border-radius-top-left:0px;--awb-border-radius-top-right:0px;--awb-border-radius-bottom-right:0px;--awb-border-radius-bottom-left:0px;--awb-padding-bottom:50px;--awb-flex-wrap:wrap;\" ><div class=\"fusion-builder-row fusion-row fusion-flex-align-items-flex-start fusion-flex-content-wrap\" style=\"max-width:1248px;margin-left: calc(-4% \/ 2 );margin-right: calc(-4% \/ 2 );\"><div class=\"fusion-layout-column fusion_builder_column fusion-builder-column-2 fusion_builder_column_1_6 1_6 fusion-flex-column fusion-no-medium-visibility fusion-no-large-visibility\" style=\"--awb-bg-size:cover;--awb-width-large:16.666666666667%;--awb-margin-top-large:0px;--awb-spacing-right-large:11.52%;--awb-margin-bottom-large:20px;--awb-spacing-left-large:11.52%;--awb-width-medium:16.666666666667%;--awb-order-medium:0;--awb-spacing-right-medium:11.52%;--awb-spacing-left-medium:11.52%;--awb-width-small:100%;--awb-order-small:0;--awb-spacing-right-small:1.92%;--awb-spacing-left-small:1.92%;\" data-scroll-devices=\"small-visibility,medium-visibility,large-visibility\"><div class=\"fusion-column-wrapper fusion-column-has-shadow fusion-flex-justify-content-flex-start fusion-content-layout-column\"><i class=\"fb-icon-element-2 fb-icon-element fontawesome-icon fa-arrow-right fas circle-no fusion-animated\" style=\"--awb-iconcolor:var(--awb-custom_color_2);--awb-iconcolor-hover:var(--awb-custom_color_2);--awb-font-size:18px;--awb-margin-top:0;--awb-margin-right:0;--awb-margin-bottom:0;--awb-margin-left:9px;--awb-align-self:flex-end;\" data-animationType=\"shake\" data-animationDuration=\"2.0\" data-animationDelay=\"0.8\" data-animationOffset=\"top-into-view\"><\/i><\/div><\/div><div class=\"fusion-layout-column fusion_builder_column fusion-builder-column-3 fusion_builder_column_1_1 1_1 fusion-flex-column\" style=\"--awb-bg-blend:overlay;--awb-bg-size:cover;--awb-width-large:100%;--awb-margin-top-large:0px;--awb-spacing-right-large:1.92%;--awb-margin-bottom-large:0px;--awb-spacing-left-large:1.92%;--awb-width-medium:100%;--awb-spacing-right-medium:1.92%;--awb-spacing-left-medium:1.92%;--awb-width-small:100%;--awb-spacing-right-small:1.92%;--awb-spacing-left-small:1.92%;\"><div class=\"fusion-column-wrapper fusion-flex-justify-content-flex-start fusion-content-layout-column\"><div class=\"fusion-title title fusion-title-3 fusion-sep-none fusion-title-text fusion-title-size-three\" style=\"--awb-font-size:20px;\"><h3 class=\"fusion-title-heading title-heading-left\" style=\"margin:0;font-size:1em;\">Gerenciador para Transfer\u00eancia de Bordados <u>via Bluetooth<\/u><\/h3><\/div>\n<div class=\"table-2\" style=\"--awb-margin-bottom:30px;\">\n<table width=\"100%\">\n<thead>\n<tr>\n<th align=\"left\"><strong>Nome<\/strong><\/th>\n<th align=\"left\"><strong>Arquivo<\/strong><\/th>\n<th align=\"left\"><strong>Vers\u00e3o<\/strong><\/th>\n<th align=\"left\"><strong>Descri\u00e7\u00e3o<\/strong><\/th>\n<th align=\"left\"><strong>Download<\/strong><\/th>\n<\/tr>\n<\/thead>\n<tbody>\n<tr>\n<td align=\"left\">Bluetooth Manager<\/td>\n<td align=\"left\">bt100r03.zip<\/td>\n<td align=\"left\">Ver 1.00R03<\/td>\n<td align=\"left\">Software para a transfer\u00eancia de programas de bordado do computador\u00a0para m\u00e1quinas\u00a0<strong>s\u00e9rie K<\/strong> via Bluetooth.<\/td>\n<td align=\"left\"><a href=\"https:\/\/barudan.com.br\/site\/wp-content\/uploads\/2023\/08\/bt100r03.zip\"><img decoding=\"async\" class=\"aligncenter wp-image-662 size-full\" src=\"https:\/\/barudan.com.br\/site\/wp-content\/uploads\/2023\/05\/download.png\" alt=\"\" width=\"35\" height=\"35\" \/><\/a><\/td>\n<\/tr>\n<\/tbody>\n<\/table>\n<\/div>\n<div class=\"fusion-title title fusion-title-4 fusion-sep-none fusion-title-text fusion-title-size-three\" style=\"--awb-font-size:20px;\"><h3 class=\"fusion-title-heading title-heading-left\" style=\"margin:0;font-size:1em;\">ATEN\u00c7\u00c3O<\/h3><\/div><div class=\"fusion-text fusion-text-2\"><ol>\n<li>Clique no link, acima, para baixar o arquivo \u201czipado\u201d\u00a0<strong>bt100r03.zip<\/strong>\u00a0para a \u00e1rea de trabalho (desktop).<\/li>\n<li>Depois de realizar o download, \u201cdeszipe\u201d e grave o arquivo \u201cBluetoothManager.exe\u201d na \u00e1rea de trabalho (desktop).<\/li>\n<li>Em seguida siga as instru\u00e7\u00f5es no manual do gerenciador tamb\u00e9m contidas no arquivo baixado\u00a0<strong>bt100r03.zip<\/strong>.<\/li>\n<\/ol>\n<\/div><\/div><\/div><\/div><\/div><div class=\"fusion-fullwidth fullwidth-box fusion-builder-row-3 fusion-flex-container has-pattern-background has-mask-background nonhundred-percent-fullwidth non-hundred-percent-height-scrolling\" style=\"--awb-border-radius-top-left:0px;--awb-border-radius-top-right:0px;--awb-border-radius-bottom-right:0px;--awb-border-radius-bottom-left:0px;--awb-padding-bottom:50px;--awb-flex-wrap:wrap;\" ><div class=\"fusion-builder-row fusion-row fusion-flex-align-items-flex-start fusion-flex-content-wrap\" style=\"max-width:1248px;margin-left: calc(-4% \/ 2 );margin-right: calc(-4% \/ 2 );\"><div class=\"fusion-layout-column fusion_builder_column fusion-builder-column-4 fusion_builder_column_1_6 1_6 fusion-flex-column fusion-no-medium-visibility fusion-no-large-visibility\" style=\"--awb-bg-size:cover;--awb-width-large:16.666666666667%;--awb-margin-top-large:0px;--awb-spacing-right-large:11.52%;--awb-margin-bottom-large:20px;--awb-spacing-left-large:11.52%;--awb-width-medium:16.666666666667%;--awb-order-medium:0;--awb-spacing-right-medium:11.52%;--awb-spacing-left-medium:11.52%;--awb-width-small:100%;--awb-order-small:0;--awb-spacing-right-small:1.92%;--awb-spacing-left-small:1.92%;\" data-scroll-devices=\"small-visibility,medium-visibility,large-visibility\"><div class=\"fusion-column-wrapper fusion-column-has-shadow fusion-flex-justify-content-flex-start fusion-content-layout-column\"><i class=\"fb-icon-element-3 fb-icon-element fontawesome-icon fa-arrow-right fas circle-no fusion-animated\" style=\"--awb-iconcolor:var(--awb-custom_color_2);--awb-iconcolor-hover:var(--awb-custom_color_2);--awb-font-size:18px;--awb-margin-top:0;--awb-margin-right:0;--awb-margin-bottom:0;--awb-margin-left:9px;--awb-align-self:flex-end;\" data-animationType=\"shake\" data-animationDuration=\"2.0\" data-animationDelay=\"0.8\" data-animationOffset=\"top-into-view\"><\/i><\/div><\/div><div class=\"fusion-layout-column fusion_builder_column fusion-builder-column-5 fusion_builder_column_1_1 1_1 fusion-flex-column\" style=\"--awb-bg-blend:overlay;--awb-bg-size:cover;--awb-width-large:100%;--awb-margin-top-large:0px;--awb-spacing-right-large:1.92%;--awb-margin-bottom-large:0px;--awb-spacing-left-large:1.92%;--awb-width-medium:100%;--awb-spacing-right-medium:1.92%;--awb-spacing-left-medium:1.92%;--awb-width-small:100%;--awb-spacing-right-small:1.92%;--awb-spacing-left-small:1.92%;\"><div class=\"fusion-column-wrapper fusion-flex-justify-content-flex-start fusion-content-layout-column\"><div class=\"fusion-title title fusion-title-5 fusion-sep-none fusion-title-text fusion-title-size-three\" style=\"--awb-font-size:20px;\"><h3 class=\"fusion-title-heading title-heading-left\" style=\"margin:0;font-size:1em;\">Atualiza\u00e7\u00e3o de Softwares para M\u00e1quinas<\/h3><\/div>\n<div class=\"table-2\" style=\"--awb-margin-bottom:60px;\">\n<table width=\"100%\">\n<thead>\n<tr>\n<th align=\"left\"><strong>Modelo<\/strong><\/th>\n<th align=\"left\"><strong>Arquivo<\/strong><\/th>\n<th align=\"left\"><strong>Vers\u00e3o<\/strong><\/th>\n<th align=\"left\"><strong>Descri\u00e7\u00e3o<\/strong><\/th>\n<th align=\"left\"><strong>Download<\/strong><\/th>\n<\/tr>\n<\/thead>\n<tbody>\n<tr>\n<td align=\"left\"><strong>BEKT, BEKY e BEKS<\/strong><\/td>\n<td align=\"left\">\u00a0nk840r04.zip<\/td>\n<td align=\"left\">Ver 8.40R04<\/td>\n<td align=\"left\">Este arquivo \u00e9 necess\u00e1rio para atualiza\u00e7\u00e3o do software das m\u00e1quinas s\u00e9rie KT, KY e KS. O arquivo dever\u00e1 ser <u>descompactado<\/u>\u00a0e gravado dentro da raiz do Pen Drive.<\/td>\n<td align=\"left\"><a href=\"https:\/\/barudan.com.br\/site\/wp-content\/uploads\/2025\/02\/nk840r04.zip\"><img decoding=\"async\" class=\"aligncenter wp-image-662 size-full\" src=\"http:\/\/barudan.com.br\/site\/wp-content\/uploads\/2023\/05\/download.png\" alt=\"\" width=\"35\" height=\"35\" \/><\/a><\/td>\n<\/tr>\n<tr id=\"linha-impar\">\n<td align=\"left\"><strong>BEKT, BEKY e BEKS<\/strong><\/td>\n<td align=\"left\">nk840r01.zip<\/td>\n<td align=\"left\">Ver 8.40R01<\/td>\n<td align=\"left\">Vers\u00e3o Anterior<\/td>\n<td align=\"left\"><a href=\"https:\/\/barudan.com.br\/site\/wp-content\/uploads\/2024\/10\/nk840r01.zip\"><img decoding=\"async\" class=\"aligncenter wp-image-662 size-full\" src=\"http:\/\/barudan.com.br\/site\/wp-content\/uploads\/2023\/05\/download.png\" alt=\"\" width=\"35\" height=\"35\" \/><\/a><\/td>\n<\/tr>\n<tr>\n<td align=\"left\"><strong>BEXT, BEXY e BEXS<\/strong><\/td>\n<td align=\"left\">xs_730r00.zip<\/td>\n<td align=\"left\">Ver 7.30R00<\/td>\n<td align=\"left\">Este arquivo \u00e9 necess\u00e1rio para atualiza\u00e7\u00e3o do software\u00a0<strong>CONTROL e OPERATION<\/strong> das m\u00e1quinas s\u00e9rie XT, XY e XS. O arquivo dever\u00e1 ser descompactado. O arquivo\u201d SYS\u201d dever\u00e1 ser gravado dentro da pasta SYSTEM e o arquivo \u201cXSS\u201d na raiz do Pen Drive.<\/td>\n<td align=\"left\"><a href=\"https:\/\/barudan.com.br\/site\/wp-content\/uploads\/2025\/03\/xs_730r00.zip\"><img decoding=\"async\" class=\"aligncenter wp-image-662 size-full\" src=\"https:\/\/barudan.com.br\/site\/wp-content\/uploads\/2023\/05\/download.png\" alt=\"\" width=\"35\" height=\"35\" \/><\/a><\/td>\n<\/tr>\n<tr id=\"linha-impar\">\n<td align=\"left\"><strong>BEXT, BEXY e BEXS<\/strong><\/td>\n<td align=\"left\">xs_720r01.zip<\/td>\n<td align=\"left\">Ver 7.20R01<\/td>\n<td align=\"left\">Vers\u00e3o Anterior<\/td>\n<td align=\"left\"><a href=\"https:\/\/barudan.com.br\/site\/wp-content\/uploads\/2024\/01\/xs_7.20r01.zip\"><img decoding=\"async\" class=\"aligncenter wp-image-662 size-full\" src=\"https:\/\/barudan.com.br\/site\/wp-content\/uploads\/2023\/05\/download.png\" alt=\"\" width=\"35\" height=\"35\" \/><\/a><\/td>\n<\/tr>\n<tr id=\"linha-impar\">\n<td align=\"left\"><strong>BEVY e BEVS<\/strong><\/td>\n<td align=\"left\">vsb320r1.sys<\/td>\n<td align=\"left\">Ver 3.20R01<\/td>\n<td align=\"left\">Um arquivo \u00e9 necess\u00e1rio para as m\u00e1quinas s\u00e9rie VY e VS painel de cristal l\u00edquido colorido. O arquivo dever\u00e1 ser <u>descompactado<\/u> e gravado dentro da pasta SYSTEM no CF-card.<\/td>\n<td align=\"left\"><a href=\"https:\/\/barudan.com.br\/site\/wp-content\/uploads\/2023\/08\/vsb320r1.zip\"><img decoding=\"async\" class=\"aligncenter wp-image-662 size-full\" src=\"https:\/\/barudan.com.br\/site\/wp-content\/uploads\/2023\/05\/download.png\" alt=\"\" width=\"35\" height=\"35\" \/><\/a><\/td>\n<\/tr>\n<tr>\n<td align=\"left\"><strong>BEVT<\/strong><\/td>\n<td align=\"left\">vtb420r1.sys<\/td>\n<td align=\"left\">Ver 4.20R01<\/td>\n<td align=\"left\">Um arquivo \u00e9 necess\u00e1rio para as m\u00e1quinas s\u00e9rie VT com um cabe\u00e7ote e painel de cristal l\u00edquido colorido. O arquivo dever\u00e1 ser <u>descompactado<\/u> e gravado obrigatoriamente dentro da pasta SYSTEM no CF-card ou Pen Drive.<\/td>\n<td align=\"left\"><a href=\"https:\/\/barudan.com.br\/site\/wp-content\/uploads\/2023\/10\/vtb420r1.zip\"><img decoding=\"async\" class=\"aligncenter wp-image-662 size-full\" src=\"https:\/\/barudan.com.br\/site\/wp-content\/uploads\/2023\/05\/download.png\" alt=\"\" width=\"35\" height=\"35\" \/><\/a><\/td>\n<\/tr>\n<tr>\n<td align=\"left\"><strong>BEDY, BEDYH, BEDYHE, BEDS e BEDSH<\/strong><\/td>\n<td align=\"left\">dsb500r0.sys<\/td>\n<td align=\"left\">Ver 5.00R00<\/td>\n<td align=\"left\">Um arquivo \u00e9 necess\u00e1rio para as m\u00e1quinas s\u00e9rie BEDYH, BEDYHE, BEDSH, BEDY e BEDS, equipadas com painel de cristal l\u00edquido monocrom\u00e1tico. O arquivo dever\u00e1 ser <u>descompactado<\/u> e gravado dentro da pasta SYSTEM no CF-card.<\/td>\n<td align=\"left\"><a href=\"https:\/\/barudan.com.br\/site\/wp-content\/uploads\/2023\/08\/dsb500r0.zip\"><img decoding=\"async\" class=\"aligncenter wp-image-662 size-full\" src=\"https:\/\/barudan.com.br\/site\/wp-content\/uploads\/2023\/05\/download.png\" alt=\"\" width=\"35\" height=\"35\" \/><\/a><\/td>\n<\/tr>\n<tr>\n<td align=\"left\"><strong>BEDT<\/strong><\/td>\n<td align=\"left\">dtb300r0.sys<\/td>\n<td align=\"left\">Ver 3.00R00<\/td>\n<td align=\"left\">Um arquivo \u00e9 necess\u00e1rio para as m\u00e1quinas s\u00e9rie BEDT (Elite Jr. e Elite Pro) com um cabe\u00e7ote e painel de cristal l\u00edquido monocrom\u00e1tico. O arquivo dever\u00e1 ser <u>descompactado<\/u> e gravado obrigatoriamente dentro da pasta SYSTEM no CF-card.<\/td>\n<td align=\"left\"><a href=\"https:\/\/barudan.com.br\/site\/wp-content\/uploads\/2023\/08\/dtb300r0.zip\"><img decoding=\"async\" class=\"aligncenter wp-image-662 size-full\" src=\"https:\/\/barudan.com.br\/site\/wp-content\/uploads\/2023\/05\/download.png\" alt=\"\" width=\"35\" height=\"35\" \/><\/a><\/td>\n<\/tr>\n<tr>\n<td align=\"left\"><strong>BENY, BENYH, BENYHE, BENS, BENSH<\/strong><\/td>\n<td align=\"left\">nsb.sys<\/td>\n<td align=\"left\">Ver 3.70R03<\/td>\n<td align=\"left\">Um arquivo \u00e9 necess\u00e1rio para as m\u00e1quinas s\u00e9rie BENY, BENYH, BEDYHE, BENS, BENSH. O arquivo dever\u00e1 ser <u>descompactado<\/u> e gravado na raiz do disquete ou do pen drive.<\/td>\n<td align=\"left\"><a href=\"https:\/\/barudan.com.br\/site\/wp-content\/uploads\/2023\/08\/nsb.zip\"><img decoding=\"async\" class=\"aligncenter wp-image-662 size-full\" src=\"https:\/\/barudan.com.br\/site\/wp-content\/uploads\/2023\/05\/download.png\" alt=\"\" width=\"35\" height=\"35\" \/><\/a><\/td>\n<\/tr>\n<tr>\n<td align=\"left\"><strong>BENT<\/strong><\/td>\n<td align=\"left\">ntb.sys<\/td>\n<td align=\"left\">Ver 2.50R01<\/td>\n<td align=\"left\">Um arquivo \u00e9 necess\u00e1rio para as m\u00e1quinas s\u00e9rie BENT (Tanto) com um cabe\u00e7ote. O arquivo dever\u00e1 ser <u>descompactado<\/u> e gravado na raiz do disquete.<\/td>\n<td align=\"left\"><a href=\"https:\/\/barudan.com.br\/site\/wp-content\/uploads\/2023\/08\/ntb.zip\"><img decoding=\"async\" class=\"aligncenter wp-image-662 size-full\" src=\"https:\/\/barudan.com.br\/site\/wp-content\/uploads\/2023\/05\/download.png\" alt=\"\" width=\"35\" height=\"35\" \/><\/a><\/td>\n<\/tr>\n<\/tbody>\n<\/table>\n<\/div>\n<\/div><\/div><\/div><\/div><\/p>\n","protected":false},"excerpt":{"rendered":"","protected":false},"author":1,"featured_media":0,"parent":566,"menu_order":0,"comment_status":"closed","ping_status":"closed","template":"100-width.php","meta":{"footnotes":""},"class_list":["post-582","page","type-page","status-publish","hentry"],"_links":{"self":[{"href":"https:\/\/barudan.com.br\/site\/wp-json\/wp\/v2\/pages\/582","targetHints":{"allow":["GET"]}}],"collection":[{"href":"https:\/\/barudan.com.br\/site\/wp-json\/wp\/v2\/pages"}],"about":[{"href":"https:\/\/barudan.com.br\/site\/wp-json\/wp\/v2\/types\/page"}],"author":[{"embeddable":true,"href":"https:\/\/barudan.com.br\/site\/wp-json\/wp\/v2\/users\/1"}],"replies":[{"embeddable":true,"href":"https:\/\/barudan.com.br\/site\/wp-json\/wp\/v2\/comments?post=582"}],"version-history":[{"count":60,"href":"https:\/\/barudan.com.br\/site\/wp-json\/wp\/v2\/pages\/582\/revisions"}],"predecessor-version":[{"id":2394,"href":"https:\/\/barudan.com.br\/site\/wp-json\/wp\/v2\/pages\/582\/revisions\/2394"}],"up":[{"embeddable":true,"href":"https:\/\/barudan.com.br\/site\/wp-json\/wp\/v2\/pages\/566"}],"wp:attachment":[{"href":"https:\/\/barudan.com.br\/site\/wp-json\/wp\/v2\/media?parent=582"}],"curies":[{"name":"wp","href":"https:\/\/api.w.org\/{rel}","templated":true}]}}